ivative of l(f). List the prime factors of b(7).
2, 3
Suppose 3*q + 14 = -3*d + 8*q, -4 = 4*d - 3*q. Suppose 61 - 7 = 3*l. Let a = l - d. List the prime factors of a.
2
Let w(n) = n**2 - 7*n + 3. Let d be w(4). Let h(v) = -11*v - 1. What are the prime factors of h(d)?
2, 7
Let n be (-22)/(-6) + (-4)/6. Suppose -36 = -2*k - 4*x, -n*x + 1 - 10 = 0. What are the prime factors of k?
2, 3
Let b(n) = -24*n - 2*n**3 - 12*n**2 + 17 - 16 + 26*n. List the prime factors of b(-7).
5, 17
Let y = -2282 + 3874. What are the prime factors of y?
2, 199
Suppose -89*q + 22206 + 169678 = 0. What are the prime factors of q?
2, 7, 11
Let a(g) = 345*g + 3. What are the prime factors of a(1)?
2, 3, 29
Let f(i) = -i**2 + 4*i + 3. Let m be f(4). Suppose -2 = m*c - 2*j - 22, 2*j = -2. Suppose 4*h = c*h - 74. List the prime factors of h.
37
Let v be 4/(-12) - 38/(-6). What are the prime factors of (12/5)/(v/160)?
2
Suppose 0 = -i + 1 + 72. Suppose -3*y = -w - 66 - i, -w = -y + 47. Let p = y + 2. List the prime factors of p.
2, 3
Let m(l) be the third derivative of -l**6/120 - 2*l**5/15 - 3*l**4/8 - l**3 + 6*l**2. What are the prime factors of m(-7)?
2
Let k(h) = h**3 + 6*h**2. Let a(s) = -s**2 - 7*s - 6. Let x be a(-7). Let o be k(x). Let v = o - -33. List the prime factors of v.
3, 11
Suppose 89*t = 73*t + 45408. What are the prime factors of t?
2, 3, 11, 43
What are the prime factors of 8509/(-381)*(-3)/(-2)*-2?
67
Let j = 275 + 5. Suppose 3*k = r + 194, 4*k + 4*r - j = -0*k. What are the prime factors of k?
2, 3, 11
Suppose -c + 78 = 2*c. Let h = 48 - c. What are the prime factors of h?
2, 11
Suppose 9*m - 6 - 3 = 0. Suppose 0 = -5*h + 11 - m. Suppose -3*a + 259 = 2*a + h*b, 2*a + 2*b - 100 = 0. List the prime factors of a.
53
Let j(n) = 2*n**2 + 12*n + 5. List the prime factors of j(-6).
5
Let r(j) = -j**3 + 30*j**2 - 82*j + 10. List the prime factors of r(17).
3, 7, 113
Let k(v) = v**3 - 4*v**2 - 5. Let u be k(4). Let s = -48 + 84. Let i = u + s. List the prime factors of i.
31
Suppose 2*u = -3*f + 11, 2*f + 2*u - 6 + 2 = 0. Let l(y) = -y**3 + 6*y**2 + 7*y + 8. Let h be l(f). What are the prime factors of 39/2*h/6?
2, 13
Suppose -215 = -2*j - 37. Let t = 215 - j. What are the prime factors of t?
2, 3, 7
Suppose -4*n - 12 = -n, 2*n = 4*o - 2300. Suppose 10*m = o + 667. What are the prime factors of m?
2, 31
Let o = 457 - 286. Let p = 263 - o. What are the prime factors of p?
2, 23
Let k(j) = j**3 + 8*j**2 + 10*j + 7. Let o be k(-6). Let i = o + -19. Suppose -t + 4 + 2 = i. What are the prime factors of t?
2, 3
Let u(r) = -2*r + 12. Let l be u(7). What are the prime factors of (-2 + -10)/l + -3?
3
Suppose 2*f - 568 + 6228 = 2*k, -11332 = -4*k + f. List the prime factors of k.
2, 13, 109
Let z(d) = -7*d**3 + 15*d**2 + 3*d - 7. Let t(w) = -w**3 + w**2 - w + 1. Let k(l) = 6*t(l) - z(l). Let r be k(10). List the prime factors of 3*(r - 3)/4.
3, 5
Let f = 17 - 11. Suppose f*w - 2*w - 8 = 0. Suppose 0 = -2*v - w*l + 56, -l - 80 = -3*v + 8. List the prime factors of v.
29
Let d be (1/(1/2) - 3) + 14. List the prime factors of (-59)/(-3)*(16 - d).
59
Let d(n) = n**3 - 6*n**2 + 5*n - 3. Let z be d(5). Let b(m) = -m + 2. Let a be b(z). List the prime factors of 51*6/45*a.
2, 17
Suppose 5*r + 16 = r. What are the prime factors of ((-148)/(-8) + r)*2?
29
Let w be 7 + 1 + -1 - (4 - 0). Suppose -4*g + g = -w*q + 762, 3*q - 770 = g. List the prime factors of q.
2, 3, 43
Let a = -1 + 3. Suppose 2*j + 344 = 7*i - a*i, j = 3. What are the prime factors of i?
2, 5, 7
Suppose -w - 3*n - 3 = 9, -5*w - 2*n - 21 = 0. Suppose 3*u - 8 = 5*u. List the prime factors of (7 + u)/w - -4.
3
Let h(u) = 42*u**3 - 6*u**2 - 5*u - 4. List the prime factors of h(4).
2, 3, 107
Suppose -605 - 625 = -5*y. Suppose 5*o - y = 254. List the prime factors of o.
2, 5
Let i(x) = 2*x**2 - 29*x - 59. What are the prime factors of i(30)?
13, 67
Let h = -252 - -353. List the prime factors of h.
101
Let k(a) = 2*a**3 - 2*a**2 - 4. Let y be k(2). Suppose -y*d - 4*x + 480 = 0, -4*d = -2*d + 3*x - 245. What are the prime factors of d?
5, 23
Suppose 2*d = 4*b - 0*b + 6, -2*b = 2*d. Let u(l) = 3*l - 2*l + 2*l + d - 6*l**2 + l**3 + 4. List the prime factors of u(6).
23
Let y(a) = -11*a**3 + 52*a + 31*a**2 + 3*a**3 - 9 + 9*a**3 + 3*a. List the prime factors of y(-29).
2, 3, 13
Let x be ((-20)/(-8))/(-5)*(75 - 1). Let p = x + 54. List the prime factors of p.
17
Suppose -4*c = u - 6*c - 998, u + 2*c = 998. List the prime factors of u.
2, 499
Let z(h) = 10*h - 1. Let p be z(7). Let i = 75 - p. List the prime factors of i.
2, 3
Let x = -372 + 796. List the prime factors of x.
2, 53
Suppose 0 = -5*n + 647 - 7. Suppose c - 2*b = 2*c - 19, 5*c - n = b. List the prime factors of c.
5
Let f be 4 - ((4 - 3) + -4). Suppose 0*n + n = 11. Suppose -n*b + f*b = -136. List the prime factors of b.
2, 17
Let c = 48 - 46. What are the prime factors of 0 - (4 + -126 + (-4)/c)?
2, 31
Let y = 1200 - 483. List the prime factors of y.
3, 239
Let k = 10 + -8. Suppose 3*y = -k*w + 11, -4*w = -2*y + w + 20. What are the prime factors of y?
5
Let m = 215 - -36. List the prime factors of m.
251
Suppose 5*x - 5 = -5*n, 5*n + 0 = -4*x + 3. Suppose 6*j - 272 = x*j. What are the prime factors of j?
2, 17
Suppose 3*x + o = 14247, -2*x + 9488 = 4*o - 0*o. What are the prime factors of x?
2, 5, 19
Let n(k) = -7*k - 37. Let v be n(-6). Suppose -4*q = 5*z - 259, v*q - 208 = -5*z + 52. List the prime factors of z.
3, 17
Let b = -8 - -60. Suppose -2*t = -4*t - b. Let g = -6 - t. List the prime factors of g.
2, 5
Let n(o) = 5*o + 50. Let t be n(-8). Let r(d) be the first derivative of d**4/4 - 11*d**3/3 + 15*d**2/2 - 15*d + 3. What are the prime factors of r(t)?
5, 7
Let c = -15 + 18. Suppose -208 = -c*y - 2*z, 0 = -0*y - 3*y - z + 206. List the prime factors of y.
2, 17
Let g = 21 + -16. Suppose -158 = -g*t + 157. List the prime factors of t.
3, 7
Let t be 21 - (-2 + 4/4). Let m = 84 - t. Suppose 5*v - 23 = m. What are the prime factors of v?
17
Suppose 5*s - 20 = -5*v, 3*v + 0*s = 2*s - 13. List the prime factors of 40*((4 - 0) + (v - -1)).
2, 5
Let i = 362 + 457. What are the prime factors of i?
3, 7, 13
Let l(j) = j**2 + 13*j + 6. Let c = -38 + 21. List the prime factors of l(c).
2, 37
Let t = -566 + 880. List the prime factors of t.
2, 157
Let p = 13 - 6. Let y(g) = 5*g**2 - 17*g - 2. Let h be y(p). List the prime factors of h/30 - 2/15.
2
Let f(s) = s**3 + 7*s**2 + 7*s - 9. Let m be f(-6). What are the prime factors of 69*20/m*-2?
2, 23
Let d be (-30)/(12/8 + 0). Let w be 23/5 + (-8)/d. Let b = w - -12. List the prime factors of b.
17
Let a = 1674 - 406. List the prime factors of a.
2, 317
Let u be (1 + 2 + -9)/(1 - 0). List the prime factors of 49 + 0 + u/((-36)/6).
2, 5
Suppose -3*c - 53 = -2*t - 1362, 2*c = -3*t + 877. What are the prime factors of c?
19, 23
Suppose -3*w - 4*u - 10 = 0, -6*u + u = 2*w + 16. Suppose 0 = 2*t - 18 - w. What are the prime factors of t?
2, 5
Suppose 5*d - 641 = 3*q, 5*q + 83 = d - 54. List the prime factors of d.
127
Suppose 9 = -3*c + 51. Suppose 0*j = 5*j + f + 22, -3*j - f - c = 0. Let q(b) = b**3 + 3*b**2 - 7*b - 6. What are the prime factors of q(j)?
2, 3
Let j = 4130 - 2072. What are the prime factors of j?
2, 3, 7
Let a(p) = -7*p + 67. List the prime factors of a(-12).
151
Let z be (0 - -1) + (-6)/3. Let b = -22 + 12. Let j = z - b. List the prime factors of j.
3
Suppose 0*w - u + 2267 = 5*w, 0 = u + 3. What are the prime factors of w/2 + (-5)/(5/1)?
2, 113
Let q = 18 + -20. Let x(s) = -s**2 - 3*s + 1. Let o be x(q). Suppose 0 = -b - o*a + 51, 5*b - 257 = a - 34. What are the prime factors of b?
3, 5
Let f = 1649 + -418. List the prime factors of f.
1231
Let y(g) = g**2 - 14*g - 26. Let i be y(16). Suppose -5*l - 41 = -i*l. List the prime factors of l.
41
List the prime factors of (-10)/2*((-1728)/40 - -9).
3, 19
Suppose -g - 3*r = -274 - 199, g - 483 = -r. List the prime factors of g.
2, 61
Let l = -6 - -10. Suppose -l*w + 3*w + 49 = 0. Let a = w + -35. List the prime factors of a.
2, 7
Suppose 64*u - 67*u = -969. Let m = u - 198. What are the prime factors of m?
5
Let v = 45 + -32. Let a = 113 - v. List the prime factors of a.
2, 5
Suppose -3*d = -923 - 451. What are the prime factors of d?
2, 229
Let c be (4 - -12